7408?
7
What is the thousands digit of 1013521040?
1
What is the tens digit of 47928016?
1
What is the ten millions digit of 223005324?
2
What is the tens digit of 154570015?
1
What is the hundreds digit of 8174224?
2
What is the tens digit of 171239001?
0
What is the millions digit of 1044254341?
4
What is the tens digit of 100332233?
3
What is the ten thousands digit of 619068538?
6
What is the ten thousands digit of 199101793?
0
What is the thousands digit of 221953053?
3
What is the ten millions digit of 5309602880?
0
What is the tens digit of 943379087?
8
What is the units digit of 46056466?
6
What is the millions digit of 41012209?
1
What is the millions digit of 2286600150?
6
What is the thousands digit of 93268618?
8
What is the units digit of 60483008?
8
What is the hundred thousands digit of 269999310?
9
What is the hundreds digit of 381835220?
2
What is the billions digit of 2343340651?
2
What is the hundred thousands digit of 366529620?
5
What is the tens digit of 837116321?
2
What is the thousands digit of 33128397?
8
What is the ten millions digit of 94586008?
9
What is the hundred millions digit of 360835854?
3
What is the units digit of 100627301?
1
What is the units digit of 2870682470?
0
What is the millions digit of 5242669596?
2
What is the hundred thousands digit of 300337247?
3
What is the millions digit of 175873812?
5
What is the hundred millions digit of 2978554276?
9
What is the thousands digit of 88626520?
6
What is the hundreds digit of 61292824?
8
What is the tens digit of 328349166?
6
What is the hundred thousands digit of 28002318?
0
What is the units digit of 1340350630?
0
What is the millions digit of 2865543614?
5
What is the millions digit of 2014515439?
4
What is the thousands digit of 7385426?
5
What is the units digit of 3625799743?
3
What is the millions digit of 17679083?
7
What is the ten millions digit of 3340402392?
4
What is the ten thousands digit of 809811659?
1
What is the ten thousands digit of 6658827338?
2
What is the units digit of 231416758?
8
What is the hundred millions digit of 270422903?
2
What is the hundred millions digit of 159294326?
1
What is the tens digit of 101560807?
0
What is the hundred millions digit of 971641036?
9
What is the tens digit of 1737085762?
6
What is the hundreds digit of 130969726?
7
What is the ten millions digit of 1196424421?
9
What is the ten thousands digit of 215805533?
0
What is the hundred millions digit of 756610500?
7
What is the millions digit of 7690835621?
0
What is the thousands digit of 916831203?
1
What is the tens digit of 35775426?
2
What is the hundred thousands digit of 2129011995?
0
What is the hundred thousands digit of 297052319?
0
What is the hundred thousands digit of 1692689929?
6
What is the ten thousands digit of 74196621?
9
What is the hundred millions digit of 1586874584?
5
What is the tens digit of 100358554?
5
What is the hundreds digit of 169387394?
3
What is the units digit of 713044?
4
What is the hundred thousands digit of 3254813649?
8
What is the hundred thousands digit of 66308885?
3
What is the hundred thousands digit of 91004146?
0
What is the millions digit of 39149731?
9
What is the hundreds digit of 4086637?
6
What is the hundreds digit of 28882298?
2
What is the ten millions digit of 52225377?
5
What is the thousands digit of 129877009?
7
What is the thousands digit of 663410?
3
What is the hundreds digit of 1207886?
8
What is the ten thousands digit of 94942228?
4
What is the hundred thousands digit of 68972768?
9
What is the millions digit of 46107475?
6
What is the tens digit of 90852933?
3
What is the ten thousands digit of 118674707?
7
What is the tens digit of 55945110?
1
What is the tens digit of 49544297?
9
What is the hundred millions digit of 165841762?
1
What is the thousands digit of 105624285?
4
What is the tens digit of 61130135?
3
What is the millions digit of 111366433?
1
What is the billions digit of 2666687065?
2
What is the hundred millions digit of 139336367?
1
What is the tens digit of 27769926?
2
What is the thousands digit of 110313044?
3
What is the ten thousands digit of 357396938?
9
What is the millions digit of 90812982?
0
What is the ten millions digit of 718006883?
1
What is the hundred millions digit of 323105196?
3
What is the units digit of 337700771?
1
What is the hundred millions digit of 158001269?
1
What is the hundred millions digit of 1682315100?
6
What is the hundred millions digit of 493275442?
4
What is the tens digit of 55799047?
4
What is the hundred thousands digit of 387330720?
3
What is the ten thousands digit of 27279841?
7
What is the units digit of 2363902311?
1
What is the hundreds digit of 411791935?
9
What is the hundred millions digit of 511055949?
5
What is the thousands digit of 940319981?
9
What is the tens digit of 120629517?
1
What is the tens digit of 86503710?
1
What is the thousands digit of 887181474?
1
What is the ten millions digit of 37354899?
3
What is the units digit of 60094490?
0
What is the ten thousands digit of 2395215609?
1
What is the hundreds digit of 8065168191?
1
What is the hundred thousands digit of 95206234?
2
What is the ten thousands digit of 90855184?
5
What is the hundred millions digit of 128985726?
1
What is the thousands digit of 52140711?
0
What is the thousands digit of 656544889?
4
What is the millions digit of 2934410367?
4
What is the ten thousands digit of 958879526?
7
What is the units digit of 105840476?
6
What is the millions digit of 34509980?
4
What is the ten thousands digit of 3254611862?
1
What is the tens digit of 248056158?
5
What is the thousands digit of 422119754?
9
What is the ten thousands digit of 24389107?
8
What is the ten millions digit of 2237207036?
3
What is the millions digit of 594414703?
4
What is the hundreds digit of 298988620?
6
What is the units digit of 9502722329?
9
What is the hundreds digit of 1602967655?
6
What is the ten millions digit of 88727239?
8
What is the millions digit of 88687196?
8
What is the hundreds digit of 178932906?
9
What is the ten millions digit of 450559334?
5
What is the hundred thousands digit of 307819480?
8
What is the ten millions digit of 937192330?
3
What is the ten thousands digit of 1362371?
6
What is the hundred millions digit of 102930975?
1
What is the hundreds digit of 45736110?
1
What is the ten thousands digit of 860804116?
0
What is the units digit of 17254092?
2
What is the thousands digit of 1525090298?
0
What is the units digit of 1003908596?
6
What is the ten thousands digit of 220904724?
0
What is the hundred thousands digit of 309832356?
8
What is the units digit of 54988011?
1
What is the tens digit of 1207497498?
9
What is the tens digit of 25189386?
8
What is the thousands digit of 77298648?
8
What is the units digit of 2850172497?
7
What is the units digit of 93576605?
5
What is the hundred millions digit of 3829517413?
8
What is the thousands digit of 300811107?
1
What is the thousands digit of 11608462?
8
What is the millions digit of 234819760?
4
What is the millions digit of 6978838731?
8
What is the ten thousands digit of 335195360?
9
What is the hundred millions digit of 120267920?
1
What is the tens digit of 334284156?
5
What is the units digit of 86884008?
8
What is the ten millions digit of 105299741?
0
What is the ten millions digit of 91551133?
9
What is the hundred thousands digit of 32958223?
9
What is the ten thousands digit of 40115308?
1
What is the units digit of 226143420?
0
What is the thousands digit of 54534236?
4
What is the millions digit of 36728350?
6
What is the hundred thousands digit of 1367694?
3
What is the ten millions digit of 237956808?
3
What is the hundred millions digit of 147342775?
1
What is the hundred thousands digit of 304790396?
7
What is the ten thousands digit of 843587823?
8
What is the ten millions digit of 63654290?
6
What is the hundred thousands digit of 418047081?
0
What is the hundred thousands digit of 52513543?
5
What is the units digit of 1013781626?
6
What is the hundreds digit of 697973056?
0
What is the thousands digit of 1315295478?
5
What is the millions digit of 138767980?
8
What is the tens digit of 83228593?
9
What is the hundred millions digit of 4563249734?
5
What is the millions 